posite number?
True
Is 27152185085 a composite number?
True
Is 225109207 composite?
True
Is 415774961 a prime number?
False
Is 346948939 composite?
False
Is 15637607 prime?
True
Is 17884679521 a prime number?
True
Is 1245322513 a composite number?
False
Is 185629805 a prime number?
False
Is 12842049797 a prime number?
False
Is 4620584677 composite?
True
Is 105009245537 prime?
False
Is 58129688753 composite?
True
Is 9046029313 a prime number?
False
Is 82746289 a prime number?
True
Is 409431129 a composite number?
True
Is 8802022919 prime?
True
Is 732259579 a prime number?
False
Is 785340649 a composite number?
True
Is 27976795849 a prime number?
False
Is 5441874583 composite?
False
Is 85218377 composite?
True
Is 26100293 a composite number?
False
Is 1583732363 prime?
True
Is 1236190231 a composite number?
True
Is 294125113 a prime number?
True
Is 66228698071 composite?
False
Is 1517685161 composite?
False
Is 360580369 composite?
False
Is 17506826299 prime?
False
Is 929911571 a prime number?
True
Is 537883019 a prime number?
True
Is 233164783 a prime number?
True
Is 25884883853 a prime number?
False
Is 17232950243 composite?
False
Is 14606413453 composite?
False
Is 4823147423 composite?
True
Is 59583962833 a composite number?
True
Is 77282419 a composite number?
True
Is 326394827 prime?
False
Is 5437425257 a prime number?
False
Is 37342703917 a prime number?
True
Is 525469693 prime?
False
Is 52366986101 composite?
False
Is 3122640293 composite?
True
Is 6921551453 a prime number?
True
Is 15220334879 composite?
False
Is 14235547591 a composite number?
False
Is 182921703887 a composite number?
True
Is 19350827413 a prime number?
False
Is 134361691 a composite number?
True
Is 270597163 composite?
True
Is 50850744779 composite?
False
Is 164475679 composite?
False
Is 213403793 a composite number?
True
Is 7082877077 prime?
False
Is 2382855799 a prime number?
True
Is 21755100127 prime?
False
Is 472914121 a prime number?
True
Is 22375475459 composite?
False
Is 29347606229 prime?
False
Is 7171165351 a composite number?
True
Is 369436454 a prime number?
False
Is 9202747019 prime?
False
Is 56426746493 prime?
False
Is 2856595813 a composite number?
False
Is 98402419847 composite?
True
Is 68796301853 prime?
False
Is 2026594897 prime?
True
Is 93544490179 prime?
False
Is 398620309 prime?
True
Is 481776133639 a composite number?
True
Is 4400591257 composite?
False
Is 60252097981 a composite number?
True
Is 89350899037 a prime number?
True
Is 84597258331 composite?
True
Is 34888120247 a prime number?
False
Is 56979331 a prime number?
False
Is 76217310077 a composite number?
True
Is 15303586927 a prime number?
False
Is 11008756277 prime?
True
Is 6567720829 a composite number?
True
Is 147781745011 a composite number?
False
Is 51234328969 composite?
True
Is 34106924597 a prime number?
True
Is 99064272583 a composite number?
True
Is 128542212277 a prime number?
True
Is 709304381 prime?
True
Is 5155346873 composite?
False
Is 5277231623 a composite number?
True
Is 6017096713 a prime number?
True
Is 6802412251 prime?
True
Is 1307517733 a prime number?
True
Is 50894539517 composite?
True
Is 134429619 composite?
True
Is 1392454733 prime?
True
Is 14020852669 a composite number?
False
Is 119821673 prime?
True
Is 506877299 a composite number?
False
Is 736778957 prime?
True
Is 23787268331 a composite number?
True
Is 168940533799 composite?
False
Is 344948209 a composite number?
False
Is 37159244593 composite?
False
Is 25199410427 a composite number?
True
Is 44330789 a prime number?
True
Is 51289169399 a composite number?
True
Is 14261684831 a composite number?
False
Is 53177616161 a prime number?
True
Is 9503263563 prime?
False
Is 18199098407 a prime number?
False
Is 642359 prime?
True
Is 8706583751 composite?
False
Is 9283294883 a prime number?
True
Is 1325724091 a prime number?
False
Is 35681556269 a prime number?
True
Is 932188955 a composite number?
True
Is 96181489 composite?
True
Is 1136682187 a composite number?
False
Is 5844349999 composite?
True
Is 14564933 a composite number?
False
Is 129642257 a prime number?
True
Is 7949152681 composite?
True
Is 54311194037 a composite number?
False
Is 44019472009 a prime number?
True
Is 6180411631 a composite number?
True
Is 512669753 prime?
True
Is 6195665323 a prime number?
True
Is 5831457739 a prime number?
False
Is 2317659303 a prime number?
False
Is 726051847 a prime number?
True
Is 2420401853 composite?
True
Is 4109602187 composite?
False
Is 27529629623 composite?
False
Is 1381737757 a prime number?
True
Is 164132681 composite?
False
Is 1219726163 composite?
False
Is 1886691337 a prime number?
True
Is 298677817 a prime number?
True
Is 153386383 a composite number?
True
Is 1734729067 a composite number?
False
Is 4237989923 composite?
True
Is 422028869 a prime number?
True
Is 376496699 a prime number?
False
Is 75084481427 a composite number?
False
Is 3009488743 a prime number?
False
Is 502195033 a prime number?
True
Is 38987072797 a prime number?
True
Is 5308192069 a prime number?
True
Is 8281880959 prime?
False
Is 2908404467 prime?
True
Is 110597807 composite?
True
Is 1913172245 a composite number?
True
Is 16434033613 prime?
True
Is 32092681129 a prime number?
False
Is 21184453177 composite?
False
Is 16512906911 a prime number?
True
Is 1544398721 a composite number?
False
Is 2357702411 composite?
False
Is 2392701197 composite?
False
Is 36305984147 composite?
False
Is 10035892063 a composite number?
False
Is 845493817 prime?
False
Is 10591287569 composite?
True
Is 22257668671 composite?
True
Is 230661906502 composite?
True
Is 868454941 composite?
True
Is 12169520093 a prime number?
True
Is 48747663247 prime?
False
Is 7602176627 a composite number?
False
Is 5382237543 composite?
True
Is 2095202381 a prime number?
True
Is 2039951437 prime?
False
Is 1273311139 prime?
False
Is 355108261 a prime number?
False
Is 3824408137 a prime number?
False
Is 9608836501 prime?
False
Is 3327197399 prime?
True
Is 16398869665 composite?
True
Is 8535238961 a prime number?
False
Is 317858237 composite?
True
Is 24818458649 prime?
True
Is 123238194731 prime?
True
Is 9097485167 a composite number?
False
Is 3051119999 composite?
True
Is 2320868983 prime?
False
Is 13210802569 prime?
True
Is 2049508267 a prime number?
True
Is 31151878 a prime number?
False
Is 965105369 prime?
False
Is 9327091223 a composite number?
False
Is 8730470849 a composite number?
False
Is 4189228291 a composite number?
False
Is 10942699 a composite number?
False
Is 685832746 prime?
False
Is 535843813 a prime number?
False
Is 4205292071 a composite number?
True
Is 1371833527 a composite number?
False
Is 6727439093 composite?
True
Is 9191552521 a prime number?
True
Is 4642438613 prime?
False
Is 2129828839 a prime number?
True
Is 22458298697 prime?
False
Is 3831457259 prime?
False
Is 253940957 composite?
True
Is 4743964133 a prime number?
False
Is 2436634337 a composite number?
False
Is 14805259493 composite?
False
Is 1371819649 a composite number?
True
Is 433304119 a prime number?
True
Is 39876735823 a prime number?
False
Is 77543429363 a composite number?
True
Is 721314167 a prime number?
False
Is 93559111 a composite number?
True
Is 22200250811 prime?
False
Is 11300225599 composite?
True
Is 51137533 composite?
True
Is 83588039 a composite number?
True
Is 36642727855 a composite number?
True
Is 3637052099 prime?
True
Is 14727348733 composite?
True
Is 1051276903 composite?
False
Is 137764855489 a prime number?
False
Is 17302368893 a composite number?
False
Is 92301444542 prime?
False
Is 59933606741 composite?
False
Is 62028597913 a prime number?
True
Is 6751544999 prime?
False
Is 116134867409 a prime number?
False
Is 6510053037 composite?
True
Is 1770181771 composite?
True
Is 3023842439 a prime number?
True
Is 36140539517 prime?
False
Is 40076226031 a prime number?
True
Is 25032592817 composite?
False
Is 32132382707 composite?
True
Is 62149940243 prime?
False
Is 11642353573 a prime number?
True
Is 244617379 a composite number?
True
Is 30417557 composite?
False
Is 5039028595 a prime number?
False
Is 708430903 composite?
True
Is 1183632013 composite?
True
Is 23928442193 composite?
True
Is 6782955107 a prime number?
False
Is 16095339629 a composite number?
False
Is 9339304879 pr